*h - 8187 = -17*p, 0 = 4*p - 0*h - 4*h - 1944. What is the greatest common factor of 299 and p?
13
Suppose 0 = 7*p + t - 9396, -7*t + 2671 = 2*p - 4*t. Let s be (-1)/(-1) + (-55)/(-5) + 5. What is the highest common divisor of p and s?
17
Let s be ((-3)/(-12)*59)/((-4)/16). Let b = 88 + s. Calculate the highest common factor of 319 and b.
29
Suppose -5*j + 278 = 2*h - 56, 0 = -j - 2*h + 62. Calculate the greatest common factor of j and 136.
68
Let f be (-1 + 1 + -2)*(-10 + 14). Let h be f/3*78/(-52). Calculate the highest common factor of h and 164.
4
Let c = -12633 + 12889. What is the highest common factor of c and 2432?
128
Suppose 75*l = 71*l + 20. Suppose -2*a = r - 13, -5*a + 7*r = 2*r + l. What is the greatest common divisor of a and 6?
2
Let a(m) = -16*m**2 + m - 6. Let l be a(3). Let w = 246 + l. Let n = w - 56. What is the greatest common factor of n and 172?
43
Suppose 5*s = 4*s + 95. Let v(k) = -4*k**2 - 40*k + 134. Let p be v(-12). Calculate the highest common divisor of p and s.
19
Let r(x) = 10*x**2 + 80*x + 440. Let i be r(-8). What is the greatest common factor of 216 and i?
8
Suppose 4*y - 94 = 466. Suppose -y = -0*q - 5*q. Let d be -195*(q/12 - 3). Calculate the greatest common factor of d and 52.
26
Let v be 366/15 - 22/55. Let r be (v/(-14))/((-31)/4991). What is the highest common divisor of r and 207?
69
Suppose 4*g = 5*t + 9058, 5*t + 1507 = 5*g - 9823. What is the greatest common divisor of 96 and g?
32
Let s = 285 + -283. Let i(z) = -3*z**2 + 11*z + 3. Let y be i(5). Let p = y + 19. What is the highest common factor of p and s?
2
Let h(r) = -135*r - 934. Let j be h(-11). What is the highest common divisor of j and 95?
19
Let n be (16/(-3))/8 + 310/(-3). Let l = 25 + n. Let x = l - -113. What is the highest common factor of 85 and x?
17
Suppose -1111*i - 532 = -1118*i. Calculate the greatest common divisor of i and 5453.
19
Suppose 3*a = 3*r - 4542, -3*a = -2*r + 2746 + 283. Calculate the highest common factor of r and 267.
89
Suppose -4*y + 165 + 475 = 0. Let a be (-624)/(-66) + -10 + (-4109)/(-11). Suppose -369*m = -a*m + 40. Calculate the greatest common divisor of y and m.
10
Suppose 182*k + 29563 = 63285 + 37622. What is the highest common factor of 32 and k?
8
Suppose z + 7 = 2*c, -5*z + z = -4*c + 4. Let y be 633/3*1*(-10)/5. Let m = y - -476. What is the highest common factor of m and c?
6
Suppose 0 = 4*r + 2*d - 742, 2*r - 5*r + 555 = d. Let z = r - 180. Calculate the highest common divisor of z and 4.
4
Suppose 0 = -3*u - 4*s + 2274, -89*s + 88*s = 2*u - 1506. Calculate the highest common factor of 75 and u.
75
Let z = -5750 - -8131. Suppose -42*k + 7993 = -z. What is the highest common factor of k and 52?
13
Suppose 8*x - 1314 = 14*x. Let s = x - -331. What is the highest common divisor of s and 84?
28
Suppose 0 = -5*m, t + 62 = 7*m - 6*m. Let i = t - -83. Calculate the greatest common divisor of 357 and i.
21
Let o = -63 + 50. Let m be ((-8)/(-5))/(o/(-65)). Let z be -3*-24*m/4. Calculate the highest common divisor of z and 18.
18
Let o(a) = 376*a - 5. Let z(i) = -189*i + 3. Let v(q) = -4*o(q) - 7*z(q). Let u be v(-1). What is the highest common divisor of u and 12?
12
Let o be (-1*-1*2)/(-2)*(-638 - -261). Calculate the highest common factor of 667 and o.
29
Let m be 232/(-18)*765/(-170). Calculate the greatest common factor of 986 and m.
58
Let l = -90 - -95. Suppose l*v - 133 = 417. Suppose m + 5*t - v = 0, m - 3*t + 638 = 6*m. What is the highest common factor of 52 and m?
26
Let n = -20160 - -20246. Let l(b) = -b**3 + 12*b**2 + b - 7. Let u be l(6). Calculate the greatest common factor of u and n.
43
Let o = -40 - -26. Let z be 4/(168/18) + (-8)/o. Suppose 5*c + 2*p - 84 = 0, c - 23 - z = -4*p. What is the highest common divisor of c and 16?
16
Let r(t) = 5*t**2 + 8*t - 15. Let o(b) = 14*b**2 + 24*b - 44. Let m(n) = -6*o(n) + 17*r(n). Let k be m(8). What is the highest common divisor of k and 72?
9
Let w be (-28)/224 + (-1419)/(-24). What is the highest common factor of 295 and w?
59
Suppose 5*i - 880 = -0*i + 3*c, 343 = 2*i - 3*c. Suppose -i - 31 = -2*v. What is the highest common factor of v and 21?
21
Let g be -69 + 2807 + -6 + 11. What is the highest common divisor of g and 65?
13
Suppose 101*k - 15778 = -107*k + 47*k. What is the greatest common divisor of 13671 and k?
49
Let u(y) = 126*y - 716. Let z be u(51). Calculate the highest common factor of 10 and z.
10
Suppose -4*c + 60 = 4*m, -2*m + 4*c - 3*c = -39. Suppose 4*p + m - 50 = 0. Let z(x) = x + 18. Let n be z(p). What is the highest common factor of 39 and n?
13
Suppose -4*o - y = -102526, -o + 376*y - 377*y + 25630 = 0. What is the greatest common divisor of o and 36?
36
Let f = 7656 - 3646. Calculate the highest common factor of 40 and f.
10
Let p = -114 - -61. Let y = p + 53. Suppose -3*f + 4*a + 608 = y, 0 = -f - 3*f - 3*a + 794. Calculate the greatest common divisor of 25 and f.
25
Let r be 21504/156 + (-2)/(-13). Let j be r - (-9 + 1 + 3). Calculate the highest common factor of 13 and j.
13
Suppose 5*l - 244 = -j, -35*j - 104 = -2*l - 37*j. Calculate the highest common factor of 708 and l.
12
Let f = 86 - 23. Let r = f - 71. Let g be 3 + 1*20/r*-2. What is the highest common divisor of g and 88?
8
Let w = -1948 - -2063. What is the greatest common divisor of 125 and w?
5
Let u be (1 - -1)*(-18)/(-1). Suppose 121*q - 110*q = 1980. Calculate the highest common divisor of q and u.
36
Let d = 55 - 83. Let s be d/(9 - 5)*-2. Let p(x) = -29*x**3 - 1. Let l be p(-1). Calculate the greatest common divisor of l and s.
14
Let y(w) = 27 + 3*w - 21 + 31 - 10*w. Let v be y(3). What is the greatest common divisor of 24 and v?
8
Let u(k) = -24*k - 4. Suppose -2*s + 5*a - 2 = 10, 0 = s + a - 1. Let d be u(s). What is the highest common divisor of 90 and d?
10
Let v(n) = -2*n**3 + 64*n**2 - 113*n - 187. Let w be v(30). Calculate the highest common factor of 22793 and w.
23
Let q(i) be the second derivative of 25*i**4/12 - i**3/6 + i**2 + i. Let r = 3690 + -3689. Let m be q(r). What is the highest common divisor of m and 13?
13
Suppose v - 38*i = -39*i + 1129, -2*v + 4*i = -2228. What is the highest common factor of 4 and v?
4
Suppose 216 = u - 5*a, 0 = -u + 2*a + 165 + 45. What is the highest common factor of u and 10918?
206
Suppose 4*i - 51*j + 55*j = 4456, 0 = -3*i + 5*j + 3286. Calculate the greatest common divisor of 36 and i.
9
Suppose 12*v + 14*v = 53274. Suppose -27*h + v = 510. What is the greatest common factor of 627 and h?
57
Let l(g) = -4*g + 57. Let z be l(-27). Let k = 7 - -59. Calculate the greatest common factor of k and z.
33
Let o = -22735 + 32520. What is the greatest common factor of o and 190?
95
Let d = -9074 - -9078. What is the highest common divisor of 716 and d?
4
Suppose 7*g + 1017 = 3761. Suppose -5*x + 136 + 253 = -3*b, 5*x = 4*b + g. What is the highest common divisor of 532 and x?
76
Suppose -1041 = -5*f + 149. Let l = -190 + f. Calculate the greatest common divisor of l and 96.
48
Let w(k) = -90*k**3 + 4*k**2 + 9*k + 8. Let t be w(-2). Let p = t - 406. What is the highest common divisor of 64 and p?
64
Let r = 11036 + -10832. Calculate the greatest common factor of r and 646.
34
Let p be 3 + -68*(-9)/(-60)*-10. What is the greatest common divisor of 28 and p?
7
Suppose -36*q = -55 - 4157. What is the highest common factor of q and 20631?
39
Let w(a) = 292*a + 1494. Let f be w(8). What is the greatest common divisor of f and 10?
10
Let o be ((-22)/4)/(0 - 56/16 - -3). Suppose 2*f - 32 = c - 3*c, c = 5*f - 14. What is the highest common factor of c and o?
11
Suppose d = 20*d + 912. Let y = 82 + d. What is the greatest common factor of 119 and y?
17
Let q(c) = 13 - 3*c - 3 + 8*c**2 - 7. Let i be q(3). Let b = -60 + i. Calculate the greatest common factor of 66 and b.
6
Suppose -5*t - 4*j + 110 = -3*t, -2*t + 114 = 2*j. What is the greatest common factor of 9617 and t?
59
Suppose -4*i + 4*x = x + 162, 78 = -2*i + 3*x. Let t = i + 44. Suppose -a - 108 = -t*a. Calculate the greatest common divisor of 12 and a.
12
Let h be (-2 + 11/2)*2. Let f = 254 - 168. Suppose 0 = k - f + 30. What is the greatest common divisor of k and h?
7
Let p(h) = -24*h**3 + 2*h**2 - 24*h**3 + 171 - 179 + 2*h. Let o be p(-2). Calculate the greate